8*c - 3. Let s = 4 - 1. Let b(v) = s*p(v) - 4*g(v). List the prime factors of b(10).
2
Let b be ((-16)/(-10))/((-2)/10). Let f be -2*3/(6/b). Suppose 4*v - 5*v + f = -j, -2*v - 3*j - 4 = 0. List the prime factors of v.
2
Suppose -1 = -5*m + 9. Let n(v) = v**3 + v**3 + 3*v - 9 - 6*v**m - v**3. List the prime factors of n(6).
3
Let k(y) = 3*y + 5. What are the prime factors of k(11)?
2, 19
Suppose p - 25 = 4*l, 0*p + 2*l = 2*p - 44. What are the prime factors of p?
3, 7
What are the prime factors of (-8)/12 + -2*1546/(-12)?
257
Let l(p) = p**3 + 4*p**2 - 6*p - 2. Let a be l(-5). Suppose -2*z - 19 = -a*n, 5*n - z = z + 25. List the prime factors of n.
3
Suppose -3*n = 13 - 46. What are the prime factors of n?
11
Suppose -5*f - 95 + 682 = 4*l, -593 = -4*l + f. List the prime factors of l.
2, 37
Suppose 0 = -5*l + 13 + 12, -189 = -t + 4*l. List the prime factors of t.
11, 19
Suppose 2*o + 0*x = 3*x + 21, 4*x + 29 = 3*o. Suppose n - 7 = o. Suppose 2*h - n = 0, -4*w = -2*h - 3*h - 43. List the prime factors of w.
17
Let m(y) = -y - 10. Let f be m(-10). Suppose -5*v - 5 = -f. List the prime factors of 3 - (v - 3/3).
5
Let m be (-358)/(-10) - (-3)/15. Suppose -23 = -3*q - 3*p - 5, m = 2*q - 4*p. What are the prime factors of q?
2, 5
Let u = 7 - 2. Suppose 10*a = u*a + 40. List the prime factors of a.
2
Let i(p) = p**3 + 6*p**2 + 2*p + 4. Let x be i(-6). Let b be (-2)/(-2 - x/5). Suppose b*d - 36 = 2*d. List the prime factors of d.
2, 3
Let s be 1*(-1 - 0)*-26. Let k be s/2 + (-2)/(-1). Suppose 2*i - 55 = -4*o - k, -2*o + 12 = -3*i. List the prime factors of o.
3
Let h be 1 + (0/3 - 1). Suppose 20 = p - 4*w, 0 = -h*p + p - 5*w - 19. List the prime factors of p.
2, 3
Suppose -5*t - 221 = c - 2*c, 0 = c - 2*t - 221. What are the prime factors of c?
13, 17
Suppose 4*v - 4 = 2*v. Suppose 3*a = -v*q - 3*q + 9, 0 = -5*q. List the prime factors of 1/(a/(-3)) + 16.
3, 5
Let l = 48 - 17. What are the prime factors of l?
31
Suppose -4*u - 4 = -3*u. Let m = 2 + u. List the prime factors of 6 + 0 + (m - -2).
2, 3
Let l = 165 + -89. List the prime factors of l.
2, 19
Let u be 1/5 + (-16)/(-20). Suppose 2*c + u = 5. Suppose 0 = 5*h - 62 + c. What are the prime factors of h?
2, 3
Suppose 4*f + 30 = -f + 5*y, -y - 6 = 5*f. List the prime factors of -2 - (-9 - (f - 0)).
5
Let h(l) = l + 2 - 3 + 2 - 5. Let z be h(9). Suppose -5*u + 49 = z*q - 31, 6 = 3*u. What are the prime factors of q?
2, 7
Suppose 8 = -y + 5. What are the prime factors of (y/6)/(1/(-82))?
41
Let h = 4 + 1. Suppose 4*c + 38 = -j + 3*j, 5*j + h*c - 20 = 0. What are the prime factors of j?
3
What are the prime factors of (-5)/(((-20)/12)/5)?
3, 5
Let j = 1 - -1. Suppose -6 = -j*f - 0. Suppose -h - 4*k = 3, -4*h + f*k - 36 = -9*h. What are the prime factors of h?
3
Let d(x) = -x**3 + 5*x**2 - x + 7. Let o be d(5). What are the prime factors of 14 + (o - 2) - 3?
11
Let c(g) = g - 1. Let k be c(2). What are the prime factors of k*-1*(5 + -10)?
5
What are the prime factors of ((-1732)/(-4) + -3)/((-2)/(-2))?
2, 5, 43
Suppose 4*a = 3 + 1. List the prime factors of 1 - a - (4 - 34).
2, 3, 5
Let x = -108 + 212. What are the prime factors of x?
2, 13
Let j be ((-12)/30)/((-1)/5). Let l be 2*(-10)/(-4)*1. Suppose -5 - 7 = -j*c + l*g, 0 = c - 3*g - 4. What are the prime factors of c?
2
Suppose -5*w + 30 = 5*y, 0*y + 3*y + 2*w - 22 = 0. Suppose -2*a - 10 = 0, -4*a = -5*x + y + 15. Let r = x - -3. What are the prime factors of r?
2
Let s be (-1 + 2)/((-1)/(-3)). Suppose -s*r - 3 = 6. What are the prime factors of ((-8)/r + -3)*-9?
3
Suppose 4*y + y = 10. Suppose y*o + o - 3*z = 3, 4*z = -3*o + 10. Suppose 2*d - 32 = o. List the prime factors of d.
17
Suppose 61 = p - 4*r, p + p = 4*r + 102. What are the prime factors of p?
41
Suppose -3*d - 30 = -8*d. Suppose -s = -d*s + 10. List the prime factors of (-4)/(-3*s/27).
2, 3
Suppose -3*q - 3 = -15. Let n(t) = -t**2 + t + 0*t + q + 5*t. What are the prime factors of n(6)?
2
Let j = -163 - -268. What are the prime factors of j?
3, 5, 7
Let k(v) = v**2 + 8*v + 5. Suppose 0 = -2*h - 2*w - 10, -5*h = -5*w + w + 43. Let p be k(h). List the prime factors of (2 + -3 + -21)/p.
11
Suppose 7*v - 2*v - 170 = 0. What are the prime factors of v?
2, 17
What are the prime factors of 1278/8 - 1*1/(-4)?
2, 5
Suppose -2*u - 135 = -3*u. What are the prime factors of u?
3, 5
Suppose -2*p + 10 = -2. List the prime factors of p.
2, 3
Let i(v) be the third derivative of 1/30*v**5 + 1/3*v**3 - 1/6*v**4 + 0 + 0*v + v**2. What are the prime factors of i(2)?
2
Suppose 0*q + 9 = 3*q. Suppose -8 = -q*n + 10. What are the prime factors of n?
2, 3
Let n(i) = i + 7. What are the prime factors of n(-4)?
3
Let h be 0*(7/2)/7. Suppose c - 7*i + 2*i = 5, -3*i = h. List the prime factors of c.
5
Let n(y) = 2*y**2 - 6*y - 4. What are the prime factors of n(4)?
2
Let g(n) = -n**2 + 6*n - 5. Let z be g(4). Let r(j) = 3*j + j - 2*j**2 + 4*j**z - 3 - 3*j**3. What are the prime factors of r(2)?
5
Let m = 3 - 3. Suppose 3*u + 15 = m, u = 2*b - 0*u - 7. What are the prime factors of -4*(2/b - 4)?
2
Let d = -86 - -154. What are the prime factors of d?
2, 17
Let m(c) = c + 5. Let a be m(-5). Suppose 5*b + 1 + 19 = 0, 2*i + 2*b + 8 = 0. Suppose i*w + w - 12 = a. List the prime factors of w.
2, 3
Suppose 0 = -4*d - t + 21, -4*d - 5*t + 20 + 5 = 0. Suppose 4 = d*w - 6. What are the prime factors of -2 - -1 - (w + -5)?
2
Let i(t) = -t**2 - 12*t + 4. Let s be i(-12). What are the prime factors of 28/(-16)*-2*s?
2, 7
Let j(s) = s**2 + 2*s + 2. Let y be j(-5). Suppose -32 = -m - 3*w, -y - 57 = -3*m + 2*w. What are the prime factors of m?
2, 13
Let x = 12 + -8. Let j be 2/x + (-51)/6. What are the prime factors of (j/5)/((-5)/25)?
2
Let n(x) = -4*x. Let l be -2*(-1)/(-2) - 3. List the prime factors of n(l).
2
Suppose 6*o = -3*f + 2*o, -2*o + 2 = 2*f. Let p = f - -12. What are the prime factors of p?
2
Let n(r) = 60*r**2. What are the prime factors of n(1)?
2, 3, 5
Let c be (0 - 58)/(-1) + -2. Suppose 3*b = 5*b - c. Let l = -20 + b. List the prime factors of l.
2
Suppose h + 69 = -2*h. Let b = 18 - -17. Let r = h + b. What are the prime factors of r?
2, 3
Suppose 0 = -s - s - 48. Let n = s - -11. Let y = n + 30. List the prime factors of y.
17
Let t(z) = -z + 15. Let h be t(8). Suppose 3*p - 22 = -h. List the prime factors of p.
5
Let r = -24 + 28. List the prime factors of r.
2
Let i(l) = l**2 + 3*l - 1. Let m be i(-4). Suppose u = -u + 4. Suppose u + 7 = m*r. What are the prime factors of r?
3
Suppose -3*t + 4 = 5*q, -16 = -4*q - 0*t + 4*t. Suppose 5*i - q*p - 135 = 0, 3*i - 2*p - 26 - 55 = 0. What are the prime factors of i?
3
Let l(f) = 2*f**2 + 3*f - 2. Let b be l(-4). Suppose -4*g - 14 = b. List the prime factors of (-14)/2*(g - -6).
2, 7
Suppose 2*t = 1 - 3. What are the prime factors of ((-252)/(-30))/(t/(-5))?
2, 3, 7
Suppose -3*x = -4*x. Suppose -8*t + 3*t + 65 = x. What are the prime factors of t?
13
Suppose b + 1 + 11 = 0. List the prime factors of 99/b*(-24)/9.
2, 11
Let n = -4 + 2. Let m be n/4 - (-33)/6. Suppose 5*q - 45 = -m*j, 0 = -0*q + 2*q. What are the prime factors of j?
3
Let v(c) = -8*c - 8. What are the prime factors of v(-2)?
2
Let z = -13 - -17. Suppose x + 3*c = -x - z, c = 4*x - 20. What are the prime factors of x?
2
Let w = -1 + 1. Suppose 4*z - 2 = 5*p - w, 0 = -2*z + 2*p + 2. What are the prime factors of z?
3
Let a = -28 + 49. List the prime factors of a.
3, 7
Suppose 4*o + 2 = -j + 11, -2*j - 18 = -4*o. Let c be (-1 - j/(-1))*-1. Suppose -u + 10 = -2*b - 1, -7 = 3*u + c*b. What are the prime factors of u?
3
Let j = -29 + 17. Let p be 1/(-6) - (-70)/j. Let x(r) = -r**3 - 5*r**2 + 5*r. List the prime factors of x(p).
2, 3
Let a(c) = -c**2 + 3*c - 1. Let t be a(2). Let q = t + -1. Let l = 4 - q. What are the prime factors of l?
2
Suppose 5*n - 165 = 4*n. Suppose z = 6*z - n. What are the prime factors of z?
3, 11
Let w = -331 + 565. List the prime factors of w.
2, 3, 13
Let o be -3 - -9 - (0 + 0). Suppose o = -2*g + 38. What are the prime factors of g?
2
Let o(f) = -f**3 + 8*f**2 - 6*f + 4. Let u be o(7). Suppose -4*z + 2*p = -u - 27, 5*z + 3*p - 42 = 0. What are the prime factors of z?
3
Let x = -33 + -31. List the prime factors of ((-63)/(-28))/((-6)/x).
2, 3
Let g = -38 + 166. Suppose -5*